*3 - 17*y**2 + 18*y - 19. Let v be z(f). Is j(v) composite?
True
Let n(d) = 2125*d**3 - d**2 - 4*d + 3. Suppose 40*w - 25*w = 15. Is n(w) a prime number?
False
Is (-38543)/(1/24*-8) prime?
False
Suppose -11*u + 0*u = 0. Suppose -10*p + 6*p = -2*a + 3666, a + p - 1839 = u. Is a a prime number?
False
Let w = 77 - 74. Let z be 8/(-12) - (-2)/w. Suppose 0 = -z*m - m, -4*l + 2*m = -16228. Is l a prime number?
True
Suppose 256814 = j - 3*i, 5*i + 554622 = 4*j - 472599. Is j a prime number?
True
Let o = 194 - 1529. Let z = o - -426. Let g = -124 - z. Is g composite?
True
Let l = -100 - -9023. Is l a prime number?
True
Suppose 5*j - 2*s = 8*j - 17, -5*j + 4*s - 1 = 0. Suppose 3*i = -j*q + 2*q + 30, -i + 30 = q. Suppose q*v - 3324 = 26*v. Is v a composite number?
True
Let c(p) be the third derivative of 7*p**5/60 - 5*p**4/8 + 5*p**3/6 + 59*p**2. Is c(-6) a prime number?
True
Suppose -i + 7 = -3. Suppose 8 = -3*c - i. Is 2*(-2 + -23*33/c) composite?
True
Let a(b) = 34183*b + 2. Let f be a(1). Suppose 5*k - d - 56967 = 0, 3*k - f = 3*d - 0*d. Is k a composite number?
False
Let g = -739 + 744. Suppose 0 = 2*n - 0*f - 3*f - 775, 0 = 4*n - g*f - 1555. Is n a composite number?
True
Is (-4 + (-24165)/(-12))/(9*(-6)/(-216)) a prime number?
True
Let k be 0*(-6)/42 - (-3)/1. Suppose 312 = k*o + 4*y - 655, 622 = 2*o - 3*y. Is o prime?
True
Let q = 5793 + -1382. Is q a composite number?
True
Let v(a) = -2*a**2 + 6*a - 55. Let n be v(7). Let l = -107 - n. Suppose -l*z - 2*p + 4326 = 0, z + 4*p = -3*z + 4328. Is z composite?
True
Let i be 3/(1/(-2)*-6). Let m(g) = g**3 + 14*g**2 + 24*g + 6. Let c be m(-12). Is (-6)/c + i*3156 a prime number?
False
Let n(k) = -1156*k + 25. Let r be (0/1)/(14/7) + -3. Is n(r) composite?
True
Let o = -30555 + 20255. Let i = -6923 - o. Is i a prime number?
False
Suppose 48*v - 1989727 = 16*v + 1807041. Is v composite?
True
Let b(r) = -r**3 + 125*r**2 - 42*r + 11. Is b(36) prime?
True
Suppose -3*h = -4*u + 6309, -4207 = 2*h + 24*u - 27*u. Let t = h - -3246. Is t a prime number?
False
Let j(r) = -r**2 + 14*r + 3. Let t be j(-6). Is (t/21 - -6) + 15884/14 a prime number?
False
Let r = -63 - -65. Suppose 20*y + r*y - 6908 = 0. Is y composite?
True
Suppose -5 = -7*w + 2*w + 2*u, w = -2*u + 13. Suppose -2 = r, -v + w*v - 5*r + 488 = 0. Let x = 486 + v. Is x a composite number?
True
Suppose -4*n + 6 = 5*t - 4, -4*t + 8 = -n. Suppose -2*q - 3*q + 2*a - 3795 = n, 0 = 2*q + 2*a + 1518. Let u = 1856 + q. Is u prime?
True
Let w = 49 - 41. Let t be (-3)/(-12) - 4922/w. Let z = t + 1402. Is z a composite number?
False
Let h(i) = -2*i**3 + 19*i**2 - 7*i - 6. Let s be h(9). Let v be 51/s - (-5)/(-20). Is v/6 - 1 - 839552/(-168) a prime number?
False
Let b(l) = 1105*l - 4057. Is b(72) composite?
False
Suppose -7*h - 68 + 5 = 0. Is 9891/(-6 - h) + 2 composite?
False
Let u(w) = -19*w**3 + 20*w**2 - 79*w + 579. Is u(-31) prime?
True
Let x(l) = l + 100. Is x(-29) prime?
True
Let v = 2253479 - 1490218. Is v a prime number?
True
Let c = 91 + -91. Suppose 2*l - 2033 - 2225 = c. Is l a prime number?
True
Let i(d) = -d + 49. Let h be i(4). Is (-12279)/(-15) + 3 + (-27)/h prime?
True
Let t be 78/(-1 + (-55)/(-53)). Let b be ((-33)/44)/(4/16). Is b*(t/(-9) + 4) composite?
False
Is (3058963/34 - 21)/((-3)/(-6)) composite?
False
Suppose 4*k = 4, -5*x + 1056*k = 1051*k - 915830. Is x prime?
True
Let q(w) = -2*w**3 - w. Let s = 37 + -38. Let i be q(s). Suppose -i*u + 3*g = -1488, 4*g = -u - u + 1010. Is u composite?
False
Let a(i) = 13649*i - 143. Is a(2) a composite number?
True
Let r = -303 - -325. Suppose r*w - 25952 = 29202. Is w composite?
True
Is 2/13 + -6*1573103/(-546) a prime number?
False
Suppose -5*d + 7*d = 0. Suppose 4*h = -d*h + 2*h. Suppose 6*c - 7*c + 127 = h. Is c prime?
True
Let u(r) = 2*r - 6. Let d be u(0). Is d*1/4*1*-1262 composite?
True
Suppose -3*f + 5*h + 707470 + 406471 = 0, 4*h = -f + 371342. Suppose f = 18*l - 49896. Is l prime?
False
Is -2*(-3071 + 4)/(8 - 2892/362) a composite number?
True
Let y be -12 - -6 - (-80)/8. Suppose y*c + 2*h - 14164 = 0, -3*c + 10649 = -2*h - 3*h. Is c a prime number?
False
Suppose 0 = 27*b - 6*b - 42. Is ((-10)/(-4))/((-1)/b) - -487 a prime number?
False
Suppose -6*p + 159797 = -54964 - 34005. Is p a composite number?
True
Suppose 6769 + 16259 = 3*i + 4*k, -38345 = -5*i + 5*k. Let a = i - 4904. Let x = -1407 + a. Is x prime?
True
Suppose -119 = -6*b + 19. Suppose -b*w + 6320 = -28*w. Let s = -587 - w. Is s composite?
False
Is ((-3)/(-15))/((-15454178)/1103870 + 14) prime?
False
Suppose i + 17*v - 13*v = -26, -3 = -2*i + 3*v. Is 6/(-18) - 46640/i a prime number?
False
Let q = 695211 + 287348. Is q composite?
False
Suppose 5*h + 4*k = 3015587, h - 12*k - 603109 = -17*k. Suppose -6*a = 205109 - h. Is a a composite number?
True
Suppose 0 = -57*u + 50*u + 28. Suppose -b + 465 = -u*g, -4*g - g = -b + 464. Is b composite?
True
Suppose -26917*z + 1494685 = -26912*z. Is z composite?
False
Suppose 16*m - 51259 = 70642 + 36451. Is m prime?
False
Let w = -43857 - -80436. Let k = 54130 - w. Is k a prime number?
True
Let j(f) = 8*f**2 + 25*f - 5. Let o(p) = p**2 - 1. Let q(l) = -j(l) + 6*o(l). Let i be q(-15). Let r = 255 - i. Is r prime?
True
Suppose 17004 + 19585 = 3*n - z, -2*n + 24414 = 10*z. Is n composite?
False
Is ((-117)/195*(0 + 5222545))/(3/(-1)) prime?
True
Suppose -2699*r - 12352572 = -2735*r. Is r a composite number?
False
Suppose -4*k = -68*v + 72*v - 164152, -k + 3*v + 41018 = 0. Is k composite?
True
Suppose 57 = 4*x - 19. Suppose x*j - 1254 = 16*j. Let c = j + -87. Is c composite?
False
Let m = 39 + -29. Suppose 13*b - m*b = 9. Suppose 5*n = 4*w + 5253, w - 3157 = -b*n + 6*w. Is n prime?
True
Suppose 103142982 = 194*k - 47768648. Is k composite?
True
Is (110/(-330))/((-1)/2406693) a composite number?
False
Let x(w) = -415*w - 17. Let j be x(-5). Let n = 3851 - j. Is n a prime number?
False
Let i = 28327 - -29435. Is (56/(-12) - -4)*i/(-12) composite?
False
Let x(f) be the second derivative of -f**3/3 + 3*f**2 + 8*f. Let o be x(3). Suppose 0 = -o*m + 3*m + 2*g - 641, 0 = -5*m - 4*g + 1071. Is m a composite number?
False
Suppose 4*g = -9*g - 4*g + 2255237. Is g a prime number?
True
Let r = 1679618 - 994309. Is r a composite number?
True
Let u be 26766/(-48) - 6/16. Let k = -285 - u. Suppose t - k = -2*t. Is t a prime number?
False
Suppose -3*h + 344574 = 4*n + 44813, 2*n = 5*h - 499593. Is h composite?
True
Let j be (-1)/(3/(-187635)*-5). Let g = 32796 + j. Is g prime?
True
Let q(a) = -224406*a**3 - a**2 + 7*a + 7. Let o be q(-1). Suppose 175244 = 29*b - o. Is b composite?
False
Suppose -114203 = -n - 4913. Suppose -8*k - 22*k + n = 0. Is k prime?
True
Suppose 19*c - 1805503 = 1404224. Is c a composite number?
True
Let n(u) = 11*u + 115. Let i be n(-5). Is i/(-45) + 7718/6 a composite number?
True
Let m(p) = 69*p**2 + p + 5. Let r(h) = -68*h**2 - h - 5. Let j(o) = 4*m(o) + 3*r(o). Let s be j(-3). Let t = 2233 - s. Is t a prime number?
True
Suppose u - 1 = 0, 4*p - 7*u - 8400 = -3*u. Let y = p + -1010. Is y a prime number?
True
Let f(i) be the second derivative of i**3/3 + i**2/2 - 3*i. Let o be f(2). Suppose -5*n = 2*c - 0*c - 949, -4*c + o*n = -1973. Is c a composite number?
False
Suppose v + 3*v = -3*y - 43, 4 = -v. Let c(f) = -409*f - 25. Let o be c(y). Is o + (-3 - (-8 + 2)) composite?
False
Let f = -21329 - -238323. Is f composite?
True
Let o(c) = -1886*c - 5807. Is o(-11) prime?
True
Let r(j) be the first derivative of 19*j**2 + 33*j + 14. Let c be r(10). Suppose 5*i - 482 = c. Is i prime?
True
Suppose 2*a - 160560 = 2*k, -2*k + 16479 = 4*a - 304623. Is a a composite number?
True
Suppose 127*z - 3969440 = 95*z. Is z a prime number?
False
Let v(d) = 107*d + 62 - 42 + 74. Is v(29) a prime number?
False
Let w(v) = -2*v + 205. Let m be w(-16). Suppose -m*n = -244*n + 113407. Is n prime?
False
Is 14633*(24/42 + 0 + 9/21) a prime number?
True
Suppose 7*s - 216746 = 211241. Is s composite?
False
Suppose 2 + 8 = 2*v. Suppose -5*x + 2694 = v*n - 4926, x = 4*n - 6086. Is n a prime number?
False
Suppose 6*b + 15 = 7*b + 3*f, -2*b + 5*f = 14. Let r = b - 12. Is (8 + r)*(0 - -1 - 956) a composite number?
True
Let s(h) = 520*h + 2261. Is s(84) prime?
False
Suppose 28*d - 601867 + 119959 = 0. Is d composite?
True
